-23*i + 590688 = -37*i + 26*i. List the prime factors of i.
2, 3, 7, 293
Let u = 52 - 55. Let s be u - 18/(-2) - -2. Suppose 0 = -4*r + s, -r - 4*r - 155 = -5*f. List the prime factors of f.
3, 11
Suppose 22 = 2*z + 18. Suppose -5*j - z*a + 4 = -4*a, 16 = 2*j + 4*a. What are the prime factors of 176 + j + 0/1?
2, 89
Suppose 0 = 5*z + 10, -4*z = 6*m - m - 17. Suppose 4*u - 3*p = p + 1064, 0 = -m*u + 4*p + 1325. List the prime factors of u.
3, 29
Suppose -25 = -3*s - 4*v, -v - 11 = 3*s - 8*s. Suppose -2*u - l + 1054 = -3*l, 4*u - 2129 = -s*l. List the prime factors of u.
2, 5, 53
Let w = 9250 + -4692. What are the prime factors of w?
2, 43, 53
List the prime factors of ((-1)/4)/(12/(-172560)).
5, 719
Let t = 34222 + -12240. What are the prime factors of t?
2, 29, 379
Let n(t) = -t**3 + t**2 + 6*t + 1316. Suppose -87*l = -95*l. List the prime factors of n(l).
2, 7, 47
Let u = -153 - -179. Let n = 233 + -159. Let m = n + u. List the prime factors of m.
2, 5
Let o(i) = 75*i - 300. Let l be o(4). Suppose 8*n - 3*q - 1562 = 3*n, -5*q + 5 = l. What are the prime factors of n?
313
Suppose -201*i + 676590 - 316353 = -803754. What are the prime factors of i?
5791
Let f(a) = 152*a**2 + 24*a - 234. List the prime factors of f(6).
2, 3, 13, 23
Suppose -110 = 3*d - 4*r + 129, 324 = -4*d + 4*r. Let k = 87 + d. Suppose z - 69 = -2*z - k*n, -n - 46 = -2*z. List the prime factors of z.
23
Suppose -11*c = -48*c + 111. Suppose -c*n - 6 = -954. List the prime factors of n.
2, 79
Let l(z) = 72*z. Let j = -8 + 9. Suppose -t + 0*t = -j. What are the prime factors of l(t)?
2, 3
Suppose -13*d + 609245 - 136961 = 5*d. List the prime factors of d.
2, 3, 4373
Suppose 0 = -5*v + 95 + 65. Let f = v - 29. Suppose -4*d + 3*d + 4*l + 45 = 0, 48 = d - f*l. List the prime factors of d.
3, 19
Let v be 13 - 7 - ((-4)/2 + 458). Let t = 743 - v. List the prime factors of t.
1193
Suppose -18*l + 59333 = -48991. List the prime factors of l.
2, 3, 17, 59
Let g = -1 + 3. Let f(l) = l**2 - 13*l + 20. Let i be f(25). Suppose 2*w + i = 2*n, -5*w + 314 = g*n - 4*w. List the prime factors of n.
2, 79
Suppose -s + 3*j = -47, j + 195 = 5*s - 4*j. Let q = s + 15. Suppose 131 - q = f. What are the prime factors of f?
3
Let l = -1977 - -7077. What are the prime factors of l?
2, 3, 5, 17
Let h(w) = -w**3 + 13*w**2 + 27*w + 42. Let g be h(15). List the prime factors of 10/65 + (g - 4520/(-26)).
3, 19
Let v(j) = j**3 - 16*j**2 - 52*j - 12. Let b be v(20). List the prime factors of (5 + b/(-12))/((-1)/9).
2, 3, 61
Let n be ((-18)/(-54))/(2/8940). Suppose 0 = -q + 2*s + 310, q - 5*s = 6*q - n. What are the prime factors of q?
2, 151
Suppose -5*m = -3*f + 11936 + 33441, 4*f - 60521 = 3*m. What are the prime factors of f?
2, 7, 23, 47
Let a = -13 + 16. Suppose 13*f - 3530 = a*f. What are the prime factors of f?
353
Suppose -112*y = -109*y - 78. List the prime factors of 119480/104 + 4/y + -6.
3, 127
Let h = 192 + -335. Let d = h + 686. What are the prime factors of d?
3, 181
Let o(u) = -108*u + 48. Let k(r) = -15*r + 7. Let g(i) = -15*k(i) + 2*o(i). List the prime factors of g(3).
2, 3
Suppose -5*v = -16 - 9. Suppose 2*s = 2*r - s + 6, -5*r - v*s = -35. Suppose -437 = -4*z - 3*g, z = 6*g - r*g + 98. List the prime factors of z.
107
Suppose -30*f - 26*f + 352214 = 5*f. List the prime factors of f.
2, 2887
Let j be 10449/(-15) + (-42)/(-70). Let r = -401 - j. List the prime factors of r.
5, 59
Let j(n) be the second derivative of -n**3/3 - 35*n**2/2 + 5*n. What are the prime factors of j(-23)?
11
Suppose 7*d - 26 + 5 = 0. Suppose -4*c + 755 = -3*v, 3*v = -d*c + 6*v + 567. What are the prime factors of c?
2, 47
Suppose -46*z + 18569 + 501737 = 0. List the prime factors of z.
11311
Suppose -17*l = -21*l. Suppose -10*v + v + 99 = l. Let c = v + 193. List the prime factors of c.
2, 3, 17
Let b = -18811 - -27890. What are the prime factors of b?
7, 1297
Suppose -3*o + 10*m - 8 = 6*m, -m = o - 9. Let q = -227 + 1011. Suppose 2*k = 2 + 6, o*a = -3*k + q. List the prime factors of a.
193
Let k = 7 - 6. Let q be (3 - 4) + k + -8. List the prime factors of q/(-52) + (-33)/(-39) + 10.
11
Suppose -10*g - 91 = -17*g. Let o(x) = x**2 - x + 511. Let h be o(0). Suppose -g*d = -20*d + h. List the prime factors of d.
73
Suppose 4*h - 28 = 2*p, 23 = 3*h + 11*p - 13*p. Suppose -4*l - h*s + 1134 - 355 = 0, -3*s = 4*l - 789. List the prime factors of l.
3, 67
Let n(z) = z**3 + 14*z**2 + 2*z + 43. Suppose -o + 4*o + 3*f + 39 = 0, -3*o - 4*f = 39. List the prime factors of n(o).
2, 3, 31
Suppose 79 = 5*q + 4*k, -5*k + 105 - 25 = 5*q. Let o be (q + -13)/(1/6). What are the prime factors of 99/4 - (-3)/o?
5
Let v be 53*(-8)/20*-5. Suppose -v = -5*t + 774. Let k = -2 + t. List the prime factors of k.
2, 3, 29
Let v = -142 - -141. Let m(h) = -34*h - 25. What are the prime factors of m(v)?
3
Let d be (-1)/(-4) - ((-429)/(-4) + 1). Let i = -71 - d. Suppose -j + i + 12 = 0. What are the prime factors of j?
7
Let c(b) = 50*b**3 + 3*b**2 + 50*b - 277. What are the prime factors of c(5)?
2, 47, 67
Let t = 741 + -391. Let p = 781 - t. What are the prime factors of p?
431
Let k(h) = 15*h**2 - 2*h + 111. What are the prime factors of k(29)?
2, 3167
Let v = -134 - -154. Suppose -3*l - v = -8*l. What are the prime factors of (l/(-14)*-31)/(2/14)?
2, 31
Suppose s + 5*i - 2 = 0, i = -3*s - 2*s + 34. Let b(z) = z**3 - 8*z**2 + 12*z - 17. Let h be b(s). Suppose -10*x = -h*x + 760. List the prime factors of x.
5, 19
Let g be (780 - (-3)/((-6)/(-8))) + 0. Suppose 0*v = 4*v - g. What are the prime factors of v?
2, 7
Suppose 0 = -36*z + 31*z + a + 104482, -2*z - 5*a + 41755 = 0. List the prime factors of z.
3, 5, 7, 199
Suppose 0 = -4*x + 2*x - 4. Suppose 0 = -3*i + 4*d + 481, -2*d - 109 - 48 = -i. List the prime factors of (-1)/2*x + i.
2, 3, 7
Let b(a) = a**3 + 16*a**2 + 41*a - 819. What are the prime factors of b(10)?
7, 313
List the prime factors of (3 - (-3966)/30)*(-1 + 3)*35.
2, 7, 13
Let z = -404 - -2442. List the prime factors of z.
2, 1019
Suppose -5 + 5 = 14*f. Let g be (f - (0 + 0)) + (-30)/(-10). Suppose 5*u - 44 = -j, -2*j = -g*u - 22 - 105. List the prime factors of j.
59
Let j = 99 - 46. Let u = 31 - j. Let o = 4 - u. List the prime factors of o.
2, 13
Suppose -32*z + 1260 = -30*z. List the prime factors of (2/(-2))/(3770/z - 6).
3, 7
Let i(h) = h**3 - 2*h**2 - 2. Let k = -22 - -25. Let q be i(k). Suppose q*f - f - 90 = 0. What are the prime factors of f?
3, 5
Let w be 3*-1 + (-11 - -16). Suppose 4*f + 32 = 2*u, f = -0*u - w*u + 32. Let j = u - -24. List the prime factors of j.
2, 5
Suppose 2*s + 5*y - 1937 = 0, -4*s + 1922 = -2*s + 2*y. Suppose -s - 964 = -16*f. List the prime factors of f.
2, 3, 5
Let r = 5072 + 5775. What are the prime factors of r?
10847
Suppose -5*r + 1780 = -17440. What are the prime factors of r?
2, 31
Let s(x) = 2*x**3 + 89*x**2 - 146*x - 60. What are the prime factors of s(-46)?
2, 7, 11
Let y(c) = -19*c - 108. Let g(i) = 29*i + 162. Let m(x) = 5*g(x) + 8*y(x). Let f be m(-18). List the prime factors of (0 + (-263)/(-3))*f/24.
263
Let a be ((-12)/(-54))/((-2)/(-18)). Suppose 3*t + 1077 = a*p, -4*p - 3*t - 474 = -2583. List the prime factors of p.
3, 59
Let r(b) = -b**3 + 5*b**2 - 5*b + 4. Let f be r(4). Suppose -5*s + 5*p + 426 + 219 = f, -s + 121 = -3*p. Let n = s - 59. List the prime factors of n.
2, 37
Suppose -4*d - 5*k = -12, -2*k + 15 = 5*d + k. Suppose 3*b - 9 = d. Suppose -3*i + 152 = 2*h, -i + 312 = b*h + i. What are the prime factors of h?
79
Let f(c) = c + 27. Let k be f(-9). Suppose 13*o + 195 = k*o. Suppose 38*n - o*n + 21 = 0. List the prime factors of n.
3, 7
Let t be (486/63)/(3/14). What are the prime factors of 4 + ((-2)/(-6))/(2/t)?
2, 5
Let c(d) = -2*d**3 - 28*d**2 - 457*d + 9. List the prime factors of c(-24).
3, 7499
Let y(z) = -z**2 - 16*z - 14. Let l = -26 + 15. Let p be y(l). Let m = -11 + p. What are the prime factors of m?
2, 3, 5
Let v(r) = 7*r - 7. Let u be v(4). Let c = u - -11. Suppose 28*j - c*j + 348 = 0. List the prime factors of j.
3, 29
Suppose -86*m + 30*m + 40*m + 124912 = 0. What are the prime factors of m?
37, 211
Let n(d) = 7*d**2 + 47*d + 26. Let z be n(8). Suppose -5*l = -2*i - 928 + 2576, -i = 4*l - z. List the prime factors of i.
2, 3, 139
What are the prime fac